of n**3 + n**2 + 1203*n. Suppose -4*z + 5*d - 27 = 0, 2*z + 2*z = 2*d - 18. What is x(z)?
-16
Suppose 10*p - 5*p = -3*n + 8, 4*n = 5*p + 34. Let y(x) be the third derivative of x**6/120 - x**5/15 - 5*x**4/12 + 7*x**3/6 + 13*x**2. Give y(n).
19
Suppose 2*x + 5*l = 11 - 127, 3*x + 163 = -2*l. Let m = x - -49. Let o(a) = 2*a**2 + 7*a + 4. Determine o(m).
8
Suppose l + 62 - 55 = 0. Let o(m) be the second derivative of -m**4/12 - 2*m**3/3 + m**2/2 - 15*m. What is o(l)?
-20
Let z(o) = 2*o - 10. Suppose 4*c = -k + 1, 2*c = 94*k - 92*k - 12. What is z(c)?
-12
Let w be 2565/(-81) - -16 - 4/(-6). Let m(y) = 26*y + 390. Calculate m(w).
0
Let t = -1459 - -1456. Let b(h) = h**3 - 5*h**2 - 6*h - 7. Give b(t).
-61
Let w(l) = -26*l - 81. Let k(y) = 11*y + 7. Let v(o) = -4*k(o) - 2*w(o). What is v(-18)?
-10
Let j(p) = 5*p**2 - 4*p + 2. Let f(k) = 3 + 6*k - 2 - 8*k - 2*k + 4*k**2. Let l(d) = 4*f(d) - 3*j(d). What is l(5)?
3
Let c(l) = -11*l + 5. Let t(y) = -12*y + 7. Let p(x) = 4*c(x) - 3*t(x). Let h(m) = 7*m + 2. Let r(o) = 6*h(o) + 5*p(o). Calculate r(-8).
-9
Let r(n) = -26*n + 159. Let x be r(6). Let t(z) = x*z - 2395 + 2400 - 2*z. Determine t(-10).
-5
Suppose 0 = r - q + 3, -r - 33*q = -35*q. Let c(w) = 7*w - 8. Let a(b) = -8*b + 9. Let y(f) = 4*a(f) + 5*c(f). Calculate y(r).
-22
Let k(c) = c**2 - 6*c + 5. Let d be (-296)/(-6)*6/(-4). Let h(j) = -2*j**2 + 16*j - 30. Let x be h(10). Let g = x - d. What is k(g)?
-3
Let x be 1/3 + 532/(-84). Let v(p) = 3*p + 1. Let c(m) = -5*m + 10. Let b(f) = c(f) + 3*v(f). Give b(x).
-11
Suppose 26*k + 8*k = -45 + 113. Let g(a) = -5*a**2 - 2*a + 6. Give g(k).
-18
Let j be 2/1 + 1 + -5. Let i(b) = -55*b + 1 + 123*b - 68*b + 2*b**2. Give i(j).
9
Suppose 0 = 2*r - 4*u - 2, -10*r + 18 = -13*r - u. Let i(o) = 2*o**2 - 2*o - 11. Give i(r).
49
Let k(i) be the third derivative of 0*i + 33*i**2 + 0 + 7/60*i**5 + 1/24*i**4 + 1/3*i**3 + 1/120*i**6. Give k(-7).
-5
Let d(z) be the second derivative of z**4/12 + z**3/6 - 267*z. Let n(r) = -6*r**2 + 6*r + 4. Let o(x) = 5*d(x) + n(x). Calculate o(13).
-22
Let b(x) be the first derivative of x**4/4 - 13*x**3/3 + x**2/2 + 8*x - 592. Calculate b(13).
21
Let w(s) = s**2 + 12*s + 23. Let y be (-157)/(-785) - 5/(25/56). Calculate w(y).
12
Let i(l) = -2*l**2 - 2. Suppose 1186 = 24*f - 302. Suppose f = 4*n + 70. What is i(n)?
-10
Let b(n) = 7*n - 4. Let d(h) = h**3 - 10*h**2 + 9*h + 48. Let q be d(8). Give b(q).
-60
Let h(m) be the first derivative of -m**3/3 + 3*m**2/2 + 6*m - 30091. Let t be 4/16 - 54/(-8). Determine h(t).
-22
Let p be (-5)/((-199)/552 - (-9)/24). Let y = p + 350. Let x(n) = n**3 - 4*n**2 - 6*n - 4. Calculate x(y).
-9
Suppose -20*b - 64 = 36. Let k be 11 + -18 - 20/b. Let z(t) be the third derivative of -t**5/30 - t**4/8 + 2*t**3/3 + t**2. Give z(k).
-5
Let g(r) = 5*r + 0*r + 3 - 10*r + 6*r. Let q(n) = n**2 - 26*n - 311. Let m be q(35). Give g(m).
7
Let p = -31011 + 31025. Let r(l) = l**3 - 13*l**2 - 19*l + 36. What is r(p)?
-34
Let j be (1 - 1) + 3 - (0 + -6). Suppose 2*p = 5*p - j. Let a(h) = 5*h + 2*h**3 + h**3 + 4*h**2 - 1 - 2*h**p - 10*h**2. Determine a(5).
-1
Suppose -22 = -11*z - 110. Let n(r) be the first derivative of -r**3/3 - 9*r**2/2 - 5*r - 120. Give n(z).
3
Let i(p) = -3*p. Let l(d) be the first derivative of -d**2 + d - 53. Let h be l(1). Give i(h).
3
Suppose -3*k + 4*k = 338. Let m be 6/(-21) + k/(-91). Let a(f) = 4*f - 1. Calculate a(m).
-17
Let g be 34/34 + 8/2. Let u(a) = -a**3 + 4*a**2 + a - 10. Let d(y) = -y**3 + 4*y**2 - 11. Let q(s) = 5*d(s) - 6*u(s). Calculate q(g).
0
Suppose -9*x - x - 570 = 0. Let g = 64 + x. Let c(b) = 7*b**2 - 16*b - 2. Let s(u) = u**2 - u. Let n(m) = c(m) - 6*s(m). Calculate n(g).
-23
Let l(s) = -s - 2. Let x be l(-6). Let a = 141 - 159. Let p(z) = 22*z - 16. Let k(v) = 5*v - 4. Let i(j) = a*k(j) + x*p(j). What is i(6)?
-4
Let l(q) = 95*q**2 + 3*q - 2. Let o be l(1). Let c = o - 56. Let n(s) = 41 + c - 81 - s. Give n(5).
-5
Suppose 202 = -6*i + 232. Suppose 10 = 4*n - u - 0, i*u - 10 = 0. Let r(y) = y**3 - 2*y**2 - 2*y. Determine r(n).
3
Let b be (217 - 223)/((-4)/(-18) - (-92)/72). Let j(z) = 17*z - 13. Give j(b).
-81
Let o(r) = r**3 + r**2 + 10*r - 40. Let f be o(3). Let x(n) = -20*n + 1. Let s be x(1). Let w = s + f. Let d(v) = 3*v - 7. Determine d(w).
14
Let o(g) = 6*g**2 + 2*g - 2. Let z = 24 - 77. Let j = 63 + z. Let a be (j/15)/(4/(-6) - -1). Give o(a).
26
Let l(w) = -w. Let d(h) = -h**3 + 2*h - 1. Let f = 7 - 3. Suppose 4*k - 6 = -k + f*n, -5*n = 2*k - 9. Let z be d(k). Determine l(z).
5
Let g(h) = h**3 - 12*h**2 + 3*h + 13. Suppose 0 = -2*s + 19*w - 20*w + 17, -41 = -4*s - w. Give g(s).
49
Let m(u) = 1242*u - 7454. Let w be m(6). Let k(o) = -6*o**2 - 5*o. Calculate k(w).
-14
Let y(b) = 9049*b - 9054*b + 2*b**3 - 4*b**3 + b**3 - 6 - 34*b**2 + 41*b**2. What is y(6)?
0
Suppose -3*i + 9 = -15. Suppose i = c + 2*p, 4*c + 4 = 5*p - 3. Suppose -c*m + 58 = 68. Let z(f) = f - 5. What is z(m)?
-10
Let h = -163 - -166. Let g(d) = 4*d**2 - 5 + 5*d - 9*d**3 - h*d**3 + 11*d**3. Calculate g(4).
15
Suppose -24*r - 21 + 93 = 0. Let k(c) = 6 + 3456*c**2 - 15*c + 14*c**r - 13*c**3 - 3442*c**2. Determine k(-15).
6
Let z = 118 - 18. Let m(v) = -z + 100 - 6*v. Determine m(2).
-12
Let v(y) = -y**2 + 2*y + 4. Let x = -34 + 39. Suppose -x*b + 5*u = 10, 3*b - 2*u - 2 + 4 = 0. Suppose b*o - 10 = -0, -2*o = -2*f - 4. Give v(f).
1
Suppose 81*y - 5556 = 69*y. Let i = -467 + y. Let m(h) = -h**3 - 4*h**2 - 6. Give m(i).
-6
Let k = 13061 - 13067. Let x(s) = -s**2 + s + 28. Give x(k).
-14
Let c(v) = -56*v - 39. Let b(n) = -90*n - 58. Let g(i) = -5*b(i) + 8*c(i). What is g(9)?
-4
Let b(n) = -53*n**3 + 22*n**2 - 5*n - 42. Let q(c) = -93*c**3 + 42*c**2 - 12*c - 85. Let w(r) = 7*b(r) - 4*q(r). Determine w(12).
-86
Let m = 8 - 10. Let c be 24/(-9)*(-8)/(16/3). Let w(p) = c*p - p - 400 + 401. Determine w(m).
-5
Let r(i) = -3*i - 72 + 217 - 149. Calculate r(1).
-7
Let l(o) = -23*o**2 + o + 4. Let m(x) = -x**3 + 55*x**2 - 3*x - 8. Let b(q) = 5*l(q) + 2*m(q). Calculate b(-4).
56
Let k(l) = -15*l - 7. Let g(w) = 43*w + 23. Let t(b) = 6*g(b) + 19*k(b). What is t(3)?
-76
Let h(v) = 13*v**2 + 30*v + 60. Let o(k) = -3*k**2 - 7*k - 14. Let a(n) = 2*h(n) + 9*o(n). Determine a(-4).
-10
Let a(w) = -4*w**2 + 9*w + w**2 + 4*w**2 + 4. Let f be (-54)/42*(3 - -4). Let u be a(f). Let r(j) = -j**3 + 5*j**2 - 4*j + 5. Calculate r(u).
5
Let r(t) be the second derivative of t**5/20 + 3*t**4/4 + 5*t**3/6 - 75*t**2/2 + 4112*t. Determine r(-6).
3
Let p(v) = -v**3 - 8*v**2 - 7*v + 2. Let d(l) = 3*l**2 - 25*l - 12. Let z be d(9). Let j be -7 + (z + 0 - 3) + -3. Determine p(j).
2
Let m(s) = -82*s - 6*s + 97*s. Let f(k) = 7*k**2 - 3*k + 3. Let x(l) = -4*l**2 + 2*l - 2. Let z(g) = 3*f(g) + 5*x(g). Let y be z(-2). Calculate m(y).
9
Let r(o) = 44*o**2 + 205*o + 70. Let v(s) = 33*s**2 + 158*s + 53. Let l(j) = 10*r(j) - 13*v(j). Give l(2).
47
Suppose 4*u = 2*w - 98, 5*w + 108 = 2*u + 393. Let y(f) = w*f**2 - 2*f + 1 - 118*f**2 + 10*f + 60*f**2. Give y(-8).
1
Let o = 6782 + -6779. Let f(l) = 8*l**2 - 2*l - 16. Give f(o).
50
Let n(q) = 3*q**3 - 3*q**2 + 7*q - 7. Let j(f) = 3*f**3 - 4*f**2 + 8*f - 8. Let y(g) = 6*j(g) - 7*n(g). Let r be -15*3/((-18)/(-4)) - 40/(-5). Calculate y(r).
15
Let q(u) be the first derivative of u**4/3 - 3*u**2/2 - 14*u + 68. Let t(o) be the first derivative of q(o). Give t(2).
13
Let o(t) = 4*t**2 + 83*t + 205. Let u(w) = 2*w**2 + 42*w + 102. Let x(n) = 5*o(n) - 9*u(n). Determine x(-15).
2
Let z(t) = 3*t - 67. Let w(k) = -3*k + 57. Let o(n) = 4*w(n) + 3*z(n). Determine o(0).
27
Let c(i) = 44*i**2 + 15. Let m(l) = -9*l**2 - l - 2. Let s(h) = -c(h) - 5*m(h). Calculate s(-5).
-5
Let p(t) be the second derivative of 1/6*t**3 - 38*t + 1/12*t**4 - 1/20*t**5 - t**2 + 2. Give p(2).
-4
Let g(r) = r. Let i be g(5). Let u(l) be the second derivative of -l**3/6 + 4*l**2 - 79*l. Let t(z) = 3*z - 23. Let p(y) = -4*t(y) - 11*u(y). Give p(i).
-1
Let c(w) be the third derivative of 0 + 13*w + 1/3*w**3 - 1/60*w**5 + 2*w**2 + 1/12*w**4. Let r(s) = s + 5. Let h be r(-3). What is c(h)?
2
Let q(s) = -5*s + 6*s - 2*s + 0 + 3. Let c be q(-2). Suppose 2*g + 11 = -o, c*o + g = 6*g + 20. Let d(l) = 5*l - 1. What is d(o)?
-6
Suppose 5*a - 149 = -3*r, a + 2*r = -2*r + 40. Let y(g) = a*g - 12*g - 10*